 is divided by 5893?
75
Calculate the remainder when 2181447 is divided by 264.
15
What is the remainder when 10253 is divided by 9948?
305
Calculate the remainder when 27696266 is divided by 735.
731
Calculate the remainder when 60161 is divided by 5469.
2
What is the remainder when 9337966 is divided by 19742?
0
Calculate the remainder when 55757 is divided by 6968.
13
What is the remainder when 5863492 is divided by 178?
172
What is the remainder when 27829169 is divided by 27?
26
What is the remainder when 26935 is divided by 189?
97
What is the remainder when 22651648 is divided by 567?
565
What is the remainder when 2184022 is divided by 545939?
266
What is the remainder when 365576 is divided by 91330?
256
Calculate the remainder when 2692269 is divided by 35.
34
What is the remainder when 584654 is divided by 555?
239
What is the remainder when 187930 is divided by 428?
38
Calculate the remainder when 799882 is divided by 3278.
50
Calculate the remainder when 80173 is divided by 3410.
1743
Calculate the remainder when 65210 is divided by 28719.
7772
What is the remainder when 1994213 is divided by 47?
3
What is the remainder when 1564366 is divided by 2288?
1662
What is the remainder when 57106 is divided by 28511?
84
Calculate the remainder when 8979 is divided by 811.
58
Calculate the remainder when 24098877 is divided by 480.
477
Calculate the remainder when 167887 is divided by 55925.
112
Calculate the remainder when 210878 is divided by 255.
248
What is the remainder when 33501 is divided by 15884?
1733
Calculate the remainder when 963328 is divided by 3948.
16
What is the remainder when 2135929 is divided by 2867?
14
What is the remainder when 26007 is divided by 4204?
783
What is the remainder when 59618 is divided by 40?
18
What is the remainder when 51676819 is divided by 7119?
7117
What is the remainder when 1550698 is divided by 1924?
1878
Calculate the remainder when 10239771 is divided by 45109.
28
Calculate the remainder when 80964 is divided by 40429.
106
What is the remainder when 552522 is divided by 6208?
10
Calculate the remainder when 1251212 is divided by 2634.
62
What is the remainder when 81372 is divided by 20293?
200
Calculate the remainder when 1605140 is divided by 487.
475
Calculate the remainder when 85404 is divided by 290.
144
What is the remainder when 16258709 is divided by 257?
118
Calculate the remainder when 165832 is divided by 23689.
9
Calculate the remainder when 2228865 is divided by 29717.
90
Calculate the remainder when 4438855 is divided by 424.
423
Calculate the remainder when 9307689 is divided by 1501.
1489
What is the remainder when 555403 is divided by 912?
907
What is the remainder when 229812 is divided by 56716?
2948
What is the remainder when 16865 is divided by 5340?
845
What is the remainder when 4178841 is divided by 7530?
7221
Calculate the remainder when 182967 is divided by 59863.
3378
Calculate the remainder when 36606 is divided by 862.
402
Calculate the remainder when 1338410 is divided by 368.
362
What is the remainder when 94939 is divided by 18985?
14
Calculate the remainder when 62916 is divided by 15404.
1300
What is the remainder when 12188935 is divided by 468805?
5
Calculate the remainder when 26544479 is divided by 2028.
2015
Calculate the remainder when 1800077 is divided by 2305.
2177
What is the remainder when 185712 is divided by 36941?
1007
Calculate the remainder when 2344545 is divided by 90172.
73
Calculate the remainder when 1318891 is divided by 214.
9
What is the remainder when 49587 is divided by 1029?
195
What is the remainder when 679958 is divided by 3313?
793
Calculate the remainder when 33746302 is divided by 11248754.
40
Calculate the remainder when 1710503 is divided by 120.
23
What is the remainder when 8449468 is divided by 424?
420
What is the remainder when 93042 is divided by 30623?
1173
What is the remainder when 791396 is divided by 1374?
1346
Calculate the remainder when 2870327 is divided by 114804.
227
Calculate the remainder when 69130470 is divided by 23043480.
30
What is the remainder when 107738 is divided by 836?
730
Calculate the remainder when 42113 is divided by 531.
164
What is the remainder when 2050480 is divided by 11649?
256
What is the remainder when 357937 is divided by 118143?
3508
What is the remainder when 947408 is divided by 100?
8
What is the remainder when 311187833 is divided by 240?
233
What is the remainder when 33506170 is divided by 426?
418
Calculate the remainder when 58571 is divided by 3948.
3299
Calculate the remainder when 16912 is divided by 2716.
616
What is the remainder when 4402983 is divided by 698?
697
Calculate the remainder when 287124 is divided by 143359.
406
Calculate the remainder when 187013359 is divided by 20.
19
Calculate the remainder when 10110998 is divided by 17343.
29
Calculate the remainder when 8344041 is divided by 9439.
9404
What is the remainder when 290507 is divided by 2076?
1943
Calculate the remainder when 3900652 is divided by 957.
877
What is the remainder when 455268 is divided by 132?
0
Calculate the remainder when 65391 is divided by 15834.
2055
Calculate the remainder when 1059862 is divided by 119.
48
What is the remainder when 983594 is divided by 11437?
12
What is the remainder when 245847 is divided by 18909?
30
What is the remainder when 2450609 is divided by 73?
72
What is the remainder when 31036 is divided by 679?
481
Calculate the remainder when 6231422 is divided by 195.
2
Calculate the remainder when 30200832 is divided by 862880.
32
What is the remainder when 873112 is divided by 874?
860
What is the remainder when 8216848 is divided by 64?
16
Calculate the remainder when 416137 is divided by 1380.
757
Calculate the remainder when 1498586 is divided by 18047.
685
Calculate the remainder when 936447 is divided by 19.
13
What is the remainder when 1571713 is divided by 9092?
7889
What is the remainder when 10461549 is divided by 2369?
45
What is the remainder when 2766205 is divided by 1144?
13
What is the remainder when 69125 is divided by 1442?
1351
Calculate the remainder when 798327 is divided by 12615.
3582
Calculate the remainder when 960563 is divided by 330.
263
Calculate the remainder when 14933734 is divided by 2532.
2530
What is the remainder when 20954009 is divided by 26?
11
What is the remainder when 13814653 is divided by 198?
193
Calculate the remainder when 3646784 is divided by 104184.
344
Calculate the remainder when 2965 is divided by 1152.
661
Calculate the remainder when 185540 is divided by 3092.
20
Calculate the remainder when 8951071 is divided by 2237764.
15
What is the remainder when 256486 is divided by 126933?
2620
What is the remainder when 26619151 is divided by 392?
391
Calculate the remainder when 385907 is divided by 32079.
959
What is the remainder when 1072616 is divided by 27494?
350
What is the remainder when 2524 is divided by 249?
34
What is the remainder when 1615131 is divided by 1040?
11
Calculate the remainder when 159756 is divided by 2156.
212
What is the remainder when 5004581 is divided by 18067?
22
Calculate the remainder when 6570435 is divided by 3285095.
245
Calculate the remainder when 33469903 is divided by 6439.
6420
What is the remainder when 39897866 is divided by 112?
106
What is the remainder when 2286413 is divided by 841?
575
Calculate the remainder when 15412540 is divided by 4260.
4120
What is the remainder when 212589 is divided by 216?
45
Calculate the remainder when 905951 is divided by 478.
141
What is the remainder when 4445875 is divided by 370371?
1423
Calculate the remainder when 166968 is divided by 83330.
308
Calculate the remainder when 359499 is divided by 5617.
11
What is the remainder when 5574171 is divided by 4438?
43
What is the remainder when 802524 is divided by 36476?
52
Calculate the remainder when 122093210 is divided by 296.
18
Calculate the remainder when 136569 is divided by 5314.
3719
What is the remainder when 56537244 is divided by 3850?
3844
What is the remainder when 15886788 is divided by 956?
936
What is the remainder when 6113343 is divided by 8?
7
What is the remainder when 278062798 is divided by 5149311?
4
What is the remainder when 34223 is divided by 2353?